2 + 98*r - 537. Calculate g(10).
-257
Let u(c) = -5389*c + 2387342. Determine u(443).
15
Let u(c) = 2*c + 155. Give u(-25).
105
Let b(h) = 3*h**3 + 12*h**2 + 24*h + 15. Give b(-6).
-345
Let i(y) = -22927*y - 550237. Determine i(-24).
11
Let a(k) = 1610*k - 893843. Give a(555).
-293
Let f(j) = 1103*j**2 - 60661*j - 296. Determine f(55).
-76
Let m(l) = -l**3 + 18*l**2 + 235*l - 3880. Calculate m(20).
20
Let c(y) = -5*y**2 + 4489*y - 31481. Give c(7).
-303
Let v(q) = -q**3 - 4*q**2 - 55174*q + 220774. Determine v(4).
-50
Let f(p) = -3*p**3 + 155*p**2 - 1548*p + 73736. What is f(51)?
-10
Let p(r) = -2*r**3 - 21*r**2 - 4333*r - 47835. Calculate p(-11).
-51
Let g(m) = -2*m**2 - 43707*m - 218533. Determine g(-5).
-48
Let s(d) = 412*d - 9717. Give s(23).
-241
Let q(r) = 21*r**2 + 219*r - 1572. What is q(9)?
2100
Let i(f) = -93*f**2 + 61*f - 10. Calculate i(-3).
-1030
Let a(m) = -2*m**3 + 280*m**2 + 350*m - 9079. What is a(141)?
509
Let a(q) = q**3 - 35*q**2 + 192*q + 269. Calculate a(28).
157
Let h(w) = 2*w**2 - 38511*w + 77020. What is h(2)?
6
Let h(q) = -649*q - 48697. Determine h(-75).
-22
Let m(v) = -34602*v**2 - 622847*v - 204. What is m(-18)?
-6
Let x(k) = k**3 - 203*k**2 + 421*k - 3834. Calculate x(201).
-15
Let u(n) = -n**3 + 33*n**2 - 126*n + 1694. Calculate u(30).
614
Let n(c) = -c**3 - 632*c**2 + 666*c + 20803. What is n(-633)?
-86
Let j(p) = 10*p**3 - 60*p**2 + 21*p - 135. Give j(6).
-9
Let f(w) = 17*w**2 - 7026*w + 1894. Calculate f(413).
-171
Let c(g) = -2*g**3 - 21*g**2 - 5755*g - 57445. What is c(-10)?
5
Let s(v) = -19*v**3 - 682*v**2 + 176*v + 3829. Calculate s(-36).
85
Let q(t) = 12*t**3 + 4*t**2 + 77*t + 243. What is q(-7)?
-4216
Let f(m) = -15*m**3 + 1924*m**2 - 505*m - 882. Calculate f(128).
14
Let l(u) = 4469*u - 621197. Determine l(139).
-6
Let y(b) = 6910*b - 1278527. Determine y(185).
-177
Let c(t) = 732*t**2 - 754*t + 8. Give c(1).
-14
Let n(x) = -2*x**3 + 10*x**2 + 126*x - 42. What is n(-6)?
-6
Let j(r) = 3356*r - 66423. What is j(20)?
697
Let x(s) = -s**2 + 4251*s + 72520. Calculate x(-17).
-36
Let h(p) = 2*p**2 + 28*p + 402. What is h(-10)?
322
Let n(q) = 233*q + 53731. Determine n(-238).
-1723
Let n(c) = -5*c**3 - 555*c**2 - 35*c - 3477. What is n(-111)?
408
Let v(i) = -i**3 + 2*i**2 - 31*i - 1666. Calculate v(-11).
248
Let b(n) = -2897*n - 11375. Calculate b(-4).
213
Let v(b) = 12*b**2 + 514*b + 69. Calculate v(-43).
155
Let d(y) = -167*y - 12585. What is d(-76)?
107
Let b(i) = -62637*i + 5825249. What is b(93)?
8
Let y(x) = 5646*x + 2247228. Give y(-398).
120
Let u(n) = 17955*n - 89779. What is u(5)?
-4
Let y(h) = -299*h**2 - 1863*h - 420. Calculate y(-6).
-6
Let n(p) = -3*p**3 - 13*p**2 + 46093*p + 184384. Calculate n(-4).
-4
Let h(j) = -29*j**2 - 55*j + 94. Calculate h(3).
-332
Let g(k) = k**3 - 34*k**2 + 181*k - 329. Give g(35).
7231
Let m(a) = 3*a**2 - 1684*a + 13380. Give m(8).
100
Let w(v) = -405*v + 5369. Give w(14).
-301
Let t(x) = -3*x**3 - 9*x**2 - 26*x + 90. What is t(4)?
-350
Let h(c) = c**3 - 3*c**2 - 106*c + 182. Calculate h(10).
-178
Let x(o) = 83671*o - 3179559. What is x(38)?
-61
Let z(m) = 17*m**2 - 288*m - 226. Give z(17).
-209
Let n(l) = -l**2 - 130*l + 32. Determine n(-129).
161
Let v(q) = -16*q**3 + 2930*q**2 - 330*q - 6603. Give v(183).
-15
Let z(d) = -68472*d + 479254. Determine z(7).
-50
Let m(d) = 9*d**2 + 289*d - 2815. Calculate m(-40).
25
Let l(d) = 11*d**3 + 108*d**2 + 7081*d + 71002. What is l(-10)?
-8
Let l(d) = 16107*d - 306012. Determine l(19).
21
Let y(f) = 95*f + 11137. Calculate y(-120).
-263
Let x(s) = 1400*s + 2885. Calculate x(-2).
85
Let x(p) = -1547*p + 134601. Determine x(87).
12
Let z(s) = -s**3 + 23*s**2 + 134*s + 191. Determine z(28).
23
Let d(x) = 7*x**3 - 929*x**2 - 266*x + 58. Give d(133).
58
Let q(k) = -54*k**3 - 11710*k**2 + 1728*k - 1737. Calculate q(-217).
-1
Let s(x) = 4*x**3 + 306*x**2 + 159*x + 934. What is s(-76)?
402
Let j(x) = -23731*x + 3512199. Give j(148).
11
Let r(x) = x**3 - x**2 - 145*x - 386. What is r(-3)?
13
Let n(z) = z**2 + 205*z - 7948. What is n(30)?
-898
Let m(p) = p**2 + 1181*p + 5898. What is m(-5)?
18
Let v(d) = -8*d**2 + 39*d - 28. What is v(20)?
-2448
Let z(i) = 3*i**3 + 184*i**2 - 8*i + 798. Determine z(0).
798
Let v(r) = 7*r**2 + 3453*r + 34769. Give v(-483).
-7
Let p(y) = -6*y**2 - 421*y + 334. Determine p(-71).
-21
Let r(n) = -214*n**2 + 32307*n + 1037. Calculate r(151).
-20
Let w(b) = 2*b**3 + 590*b**2 - 26050*b - 64. Determine w(39).
14
Let g(n) = -n**2 - 23*n + 49. What is g(5)?
-91
Let m(k) = -746*k**2 - 16420*k - 56. Give m(-22).
120
Let h(a) = -120*a**2 + 241*a + 117. Calculate h(2).
119
Let m(f) = -8*f**3 - f**2 + 25*f + 75. Give m(-4).
471
Let r(b) = 187*b - 59274. Determine r(311).
-1117
Let d(k) = 5232*k - 5760439. Calculate d(1101).
-7
Let r(z) = -z**2 - 864*z + 29645. What is r(33)?
44
Let b(q) = -4213*q - 33768. Calculate b(-8).
-64
Let g(c) = -2*c**3 - 143*c**2 - 2151*c - 47. What is g(-50)?
3
Let g(c) = 1144*c - 77713. Calculate g(68).
79
Let c(y) = -y**2 - 2202*y + 85015. Give c(38).
-105
Let p(g) = -52*g - 724. Give p(-6).
-412
Let l(f) = 770*f**3 - 30*f**2 - 8*f + 22. Calculate l(-1).
-770
Let z(f) = 141*f**3 + 1157*f**2 + 19*f + 23. Determine z(-8).
1727
Let f(b) = b**3 - 46*b**2 - 883*b + 2615. Calculate f(60).
35
Let z(u) = 5*u**3 + 38*u**2 - 753*u - 5918. What is z(-8)?
-22
Let r(x) = -5*x**2 + 438*x - 2145. What is r(88)?
-2321
Let w(j) = -3*j**3 + 35*j**2 - 803*j + 7526. Give w(10).
-4
Let p(c) = c**3 - 59*c**2 - 652*c + 47964. What is p(55)?
4
Let f(r) = 4*r**3 + 5*r**2 + 23*r - 393. Determine f(9).
3135
Let v(y) = -49386*y - 98774. Determine v(-2).
-2
Let p(k) = -4964*k - 18121. Determine p(-3).
-3229
Let p(w) = 16651*w - 2730759. What is p(164)?
5
Let n(s) = 4213*s - 34109. What is n(8)?
-405
Let v(a) = a**3 - 9*a**2 - 5633*a + 45128. What is v(8)?
0
Let n(a) = -7*a**3 + 16*a**2 - 93*a - 695. What is n(-5)?
1045
Let y(p) = -34498*p + 413867. Determine y(12).
-109
Let n(s) = s**3 + 84*s**2 + 455*s - 63. Give n(-6).
15
Let j(t) = -3*t**2 - 25*t + 120. Calculate j(13).
-712
Let h(n) = -n**3 - 466*n**2 + 155*n + 72276. Calculate h(-466).
46
Let l(n) = n**3 - 127*n**2 - 90*n - 5. Determine l(0).
-5
Let y(v) = v**3 - 7*v**2 - 211*v + 2190. What is y(12)?
378
Let v(o) = 3826*o - 42250. Determine v(11).
-164
Let m(v) = 1494*v - 844366. Give m(565).
-256
Let v(n) = -71*n + 24124. What is v(339)?
55
Let l(p) = -106*p**2 - 21093*p + 209. Determine l(-199).
10
Let i(a) = -a**3 + 45*a**2 + 1061*a + 2423. Determine i(-15).
8
Let h(j) = -1180*j - 9332. Determine h(-8).
108
Let b(f) = -65*f**2 - 7801*f + 2. Give b(-120).
122
Let x(l) = -3560*l - 28730. Give x(-8).
-250
Let n(x) = 446*x + 1667. Determine n(-4).
-117
Let s(i) = 3*i**2 + 39*i - 4578. Determine s(35).
462
Let y(g) = -g**3 + 24*g**2 + 3912*g - 2079. What is y(-52)?
1
Let k(u) = -u**2 - 69*u + 1510. What is k(15)?
250
Let w(k) = -32517*k - 1495773. Give w(-46).
9
Let h(d) = -2*d**3 - 164*d**2 + 2474*d + 271. Determine h(-95).
-109
Let m(v) = -36999*v - 517986. Give m(-14).
0
Let r(d) = -2*d**3 + 17*d**2 + 176*d - 259. Give r(14).
49
Let d(m) = 15920*m + 15828. What is d(-1)?
-92
Let u(y) = -14*y**2 - 2268*y - 8863. Give u(-158).
-15
Let s(g) = 190*g + 16698. What is s(-88)?
-22
Let b(g) = 241*g**2 + 845*g - 1803. What is b(-5)?
-3
Let o(l) = l**2 + 46*l + 45. Calculate o(-13).
-384
Let g(f) = 4*f**2 + 534*f + 3398. Determine g(-126).
-382
Let u(w) = -w**2 + 1038*w + 303686. Give u(-238).
-2
Let g(m) = -m**3 - 32*m**2 + 457*m - 1108. Give g(8).
-12
Let u(n) = 17584*n - 650580. Calculate u(37).
28
Let d(t) = 67*t + 11059. Calculate d(-131).
2282
Let q(k) = 1243*k - 340490. Give q(274).
92
Let x(h) = 8*h**3 + 349*h**2 + 463*h + 113. Determine x(-1).
-9
Let f(k) = -2*k**3 - 90*k**2 - 730*k - 7510. Give f(-38).
14
Let u(a) = -3*a**2 - 260*a - 3821. Determine u(-69).
-164
Let w(v) = 2668*v - 154735. Determine w(58).
9
Let i(y) = -535*y - 42258. What is i(-79)?
7
Let q(s) = -4*s**2 - 68*s + 1301. Determine q(25).
-2899
Let x(q) = -q**2 - 52*q + 364. Give x(-62).
-256
Let y(s) = s**3 - 40*s**2 + 324*s - 226. What is y(29)?
-81
Let n(o) = -2*o**2 + 154*o - 508. Determine n(72).
212
Let p(a) = a**2 + 863*a + 105838. What is p(-148)?
18
Let t(a) = -6*a**3 - 4*a**2 + 6*a + 43